00cb
Convert -29029 (base 11) to base 16.
-a14c
Convert 160374 (base 8) to base 6.
1122352
What is 10101001000011110100010 (base 2) in base 14?
a42c02
Convert a34a7 (base 13) to base 3.
112212221101
What is -1001101001011010011000 (base 2) in base 7?
-30331642
-59746 (base 14) to base 12
-a6342
What is 354306 (base 7) in base 9?
106646
Convert 147b6 (base 12) to base 4.
13001322
Convert 3549a (base 12) to base 13.
26743
Convert -7a678 (base 13) to base 6.
-4440242
What is 74b0 (base 14) in base 3?
1000122011
-2393348 (base 12) to base 5
-3232121020
-373333 (base 8) to base 7
-1044211
-120320310130 (base 4) to base 13
-1475788
Convert 33e89 (base 15) to base 2.
101000010110011111
Convert -102614 (base 10) to base 14.
-29578
What is -1321103323 (base 4) in base 2?
-1111001010011111011
1633202 (base 8) to base 3
220000102122
41031 (base 10) to base 12
1b8b3
Convert -10673376 (base 10) to base 9.
-22067106
212320221301 (base 4) to base 9
21155784
What is 618a7 (base 12) in base 15?
27b4d
-2302123244 (base 5) to base 7
-61320126
What is -100100010110110100011 (base 2) in base 3?
-2020112012101
11011001001101001011 (base 2) to base 7
10363543
Convert -43436152 (base 7) to base 6.
-211451154
7e26 (base 16) to base 12
16832
What is -450153 (base 9) in base 10?
-269130
-1110111111000111 (base 2) to base 14
-18527
What is -231203333110 (base 4) in base 6?
-1103555444
-2171647 (base 11) to base 14
-71206c
What is -157699 (base 13) in base 8?
-2014271
What is -450548 (base 13) in base 8?
-6155322
Convert -1577aa (base 11) to base 15.
-4c6ca
What is -159a37 (base 11) in base 10?
-247485
What is 1232122310 (base 4) in base 6?
13405512
What is 1a32a64 (base 11) in base 9?
6406880
What is -33021034 (base 5) in base 6?
-10020312
What is 20267334 (base 8) in base 10?
4288220
What is 136605 (base 11) in base 8?
641273
Convert -4148 (base 16) to base 12.
-9808
Convert -101200111211 (base 3) to base 16.
-33595
28a99 (base 15) to base 6
2444500
What is -501982 (base 11) in base 13?
-22388a
-508430 (base 10) to base 15
-a09a5
Convert -53311301 (base 7) to base 11.
-260aa25
What is -34311443 (base 6) in base 15?
-15b813
Convert -114144223 (base 5) to base 3.
-1000022020010
4a9bc3 (base 14) to base 16
2719af
5320 (base 7) to base 13
b14
What is -115082 (base 10) in base 3?
-12211212022
Convert 3787757 (base 11) to base 4.
121003312302
-1244210321 (base 5) to base 3
-12212022210212
Convert 7676706 (base 11) to base 15.
12b39a9
What is -102131322201 (base 4) in base 2?
-10010011101111010100001
-121055051 (base 7) to base 9
-15166405
112ac2 (base 13) to base 5
100443341
Convert 101000101101 (base 2) to base 12.
1611
-100100110111001110000011 (base 2) to base 13
-2004588
-14142434 (base 5) to base 14
-3b60b
What is -3151043 (base 6) in base 7?
-1212225
Convert 623132 (base 10) to base 9.
1148688
What is -121421110 (base 6) in base 14?
-445734
What is -1324444423 (base 5) in base 12?
-11600ab
19b85c (base 16) to base 13
4702c3
What is -2333703 (base 8) in base 16?
-9b7c3
What is -4484aa (base 11) in base 16?
-ae524
What is -44351012 (base 6) in base 13?
-37a390
What is 860688 (base 9) in base 5?
112343244
-b824 (base 12) to base 5
-1121223
What is -34703426 (base 8) in base 10?
-7571222
What is -962bc (base 15) in base 9?
-805566
-3835a0 (base 12) to base 7
-10543401
Convert -125ff (base 16) to base 14.
-1d5dd
-4311400 (base 5) to base 14
-1c709
What is -12421342 (base 5) in base 14?
-32d47
201101212100 (base 3) to base 9
641770
What is 323213112 (base 4) in base 16?
3b9d6
What is -2205335 (base 9) in base 14?
-22bb5a
535868 (base 10) to base 14
dd404
-268863 (base 13) to base 5
-214323321
What is 1333825 (base 13) in base 7?
102201562
What is 11dbd8 (base 14) in base 8?
2257562
-73d10a (base 15) to base 9
-11330451
50912 (base 13) to base 14
3a861
Convert -11369 (base 10) to base 11.
-85a6
-354358 (base 16) to base 2
-1101010100001101011000
220211022110002 (base 3) to base 14
1a76320
-1110100011101010000101 (base 2) to base 10
-3816069
-28a7a6 (base 13) to base 4
-3302300323
-1564172 (base 8) to base 9
-760023
Convert 33360326 (base 7) to base 6.
141525002
What is -12454c4 (base 15) in base 8?
-62054152
Convert 14213225 (base 6) to base 9.
817108
Convert -1001103023 (base 4) to base 14.
-6d68b
What is -32c7c (base 16) in base 2?
-110010110001111100
What is -21133303 (base 6) in base 11?
-393033
What is 98239 (base 12) in base 13?
70509
What is 63453614 (base 8) in base 2?
110011100101011110001100
1000011010100110 (base 2) to base 3
1202021200
Convert -382302 (base 9) to base 2.
-111000011110101010
-182401 (base 12) to base 6
-12550401
Convert 1103210131 (base 5) to base 14.
465a4d
Convert -5066803 (base 9) to base 13.
-7378a1
What is 12110110020 (base 3) in base 4?
122033211
-5033463 (base 7) to base 15
-bbc13
Convert 3470ba (base 13) to base 10.
1243655
What is 12102100101210 (base 3) in base 5?
1214134240
-1100021100221 (base 3) to base 11
-448454
What is 1015110 (base 7) in base 12?
5a5b9
Convert -12202201110212 (base 3) to base 14.
-59b011
1100220102110 (base 3) to base 6
23322533
Convert ffd4c (base 16) to base 11.
656322
What is -532795 (base 11) in base 13?
-23b214
-85ca7 (base 16) to base 7
-4441455
Convert 7d9924 (base 15) to base 5.
3014144214
Convert 3587031 (base 9) to base 10.
1947187
Convert a8bc71 (base 14) to base 8.
25640273
Convert 104423004 (base 5) to base 8.
1620466
What is -222012200120 (base 3) in base 5?
-113002104
Convert 25b7779 (base 12) to base 8.
34345215
4664be (base 15) to base 12
1161b2b
Convert 205518 (base 10) to base 7.
1514115
What is -32ad1d (base 16) in base 3?
-20020201201100
Convert 100010100 (base 4) to base 9.
110240
-3439852 (base 11) to base 4
-112330231012
What is 16655562 (base 7) in base 4?
12101130000
d05164 (base 14) to base 11
3a55553
What is 2560334 (base 8) in base 6?
23140324
Convert -8b31a (base 12) to base 7.
-1401244
What is 261009 (base 13) in base 8?
3375276
Convert -a9757 (base 15) to base 2.
-10000011011010101010
What is 14b8082 (base 12) in base 14?
7bd186
4530513 (base 6) to base 16
380cd
Convert 165013 (base 10) to base 8.
502225
Convert 12100111021101 (base 3) to base 4.
22312111330
Convert 1010011011110101101 (base 2) to base 6.
11155005
Convert 1010123332230 (base 4) to base 14.
255008c
What is -16727456 (base 8) in base 3?
-21100201112021
What is -202100101221011 (base 3) in base 2?
-101001010000000111110000
Convert -44b1a8 (base 12) to base 14.
-207da8
-22a5043 (base 13) to base 15
-e133be
Convert -ae698 (base 15) to base 7.
-4501025
Convert -132169 (base 10) to base 12.
-645a1
What is 1464676 (base 10) in base 3?
2202102011021
2182629 (base 14) to base 12
53b3865
Convert -67b8 (base 12) to base 9.
-16715
Convert 101101101110110011100100 (base 2) to base 16.
b6ece4
-511858 (base 11) to base 13
-22a358
What is 45252232 (base 6) in base 3?
2120212221102
Convert 14952 (base 13) to base 9.
58363
Convert 100330341 (base 5) to base 9.
672354
Convert -1661825 (base 10) to base 12.
-681855
c95a (base 15) to base 12
207aa
What is -161262052 (base 7) in base 11?
-61566a7
What is -4055352 (base 6) in base 13?
-6a5b0
Convert -175a824 (base 12) to base 7.
-56136535
570771 (base 8) to base 13
69b16
What is 3333414211 (base 5) in base 11?
41542a5
What is -112221112021 (base 3) in base 7?
-2333434
-10759 (base 12) to base 8
-52465
Convert 103300132 (base 4) to base 7.
454636
Convert -1102300021 (base 4) to base 9.
-565854
-4220004 (base 6) to base 10
-204772
Convert 2d34 (base 14) to base 16.
1f92
203544 (base 10) to base 12
99960
2314210 (base 6) to base 5
12301003
Convert 121212101100 (base 3) to base 7.
2551566
322292 (base 12) to base 10
791822
-153514 (base 10) to base 16
-257aa
Convert 538849 (base 10) to base 11.
338933
Convert 1033313332 (base 4) to base 13.
b5bb8
Convert 1010111000011000 (base 2) to base 4.
22320120
210031101233 (base 4) to base 10
9491567
What is 12010100 (base 5) in base 2?
11010110111001001
5b25a5 (base 12) to base 11
9193a5
What is 173121 (base 8) in base 10?
63057
What is -2515a0 (base 14) in base 9?
-2347260
What is 101111010101001010010000 (base 2) in base 12?
41a4294
Convert 173866 (base 9) to base 8.
322537
What is -2002022212020 (base 3) in base 10?
-1108707
What is -2527103 (base